{"id":230,"date":"2020-10-23T14:32:45","date_gmt":"2020-10-23T19:32:45","guid":{"rendered":"http:\/\/clientes.grupoendor.com\/frioexpress\/?page_id=230"},"modified":"2021-07-20T14:50:54","modified_gmt":"2021-07-20T19:50:54","slug":"aviso-de-privacidad-frio-express","status":"publish","type":"page","link":"https:\/\/www.frioexpress.com\/site\/aviso-de-privacidad-frio-express\/","title":{"rendered":"Aviso de privacidad frio express"},"content":{"rendered":"<p>[vc_row full_height=&#8221;yes&#8221; content_placement=&#8221;middle&#8221; css=&#8221;.vc_custom_1626810594661{background-image: url(https:\/\/www.frioexpress.com\/site\/wp-content\/uploads\/2020\/10\/Group-67.png?id=238) !important;background-position: center !important;background-repeat: no-repeat !important;background-size: cover !important;}&#8221; el_class=&#8221;vc_hidden-sm vc_hidden-xs&#8221;][vc_column width=&#8221;1\/4&#8243;][\/vc_column][vc_column width=&#8221;1\/2&#8243;][vc_column_text use_theme_fonts=&#8221;yes&#8221; el_id=&#8221;ID_1613684685602edfcd23e26&#8243; font_container=&#8221;font_size:35|color:%23ffffff&#8221; css=&#8221;.vc_custom_1613684692391{padding-top: 2% !important;padding-right: 15% !important;padding-bottom: 2% !important;padding-left: 15% !important;background-color: rgba(255,255,255,0.55) !important;*background-color: rgb(255,255,255) !important;}&#8221;]<\/p>\n<h1 style=\"text-align: center;\">AVISO DE PRIVACIDAD FRIO EXPRESS<\/h1>\n<p>[\/vc_column_text][\/vc_column][vc_column width=&#8221;1\/4&#8243;][\/vc_column][\/vc_row][vc_row content_placement=&#8221;middle&#8221; css=&#8221;.vc_custom_1626810603351{background-image: url(https:\/\/www.frioexpress.com\/site\/wp-content\/uploads\/2020\/10\/Group-67.png?id=238) !important;background-position: center !important;background-repeat: no-repeat !important;background-size: cover !important;}&#8221; el_class=&#8221;vc_hidden-md vc_hidden-lg&#8221;][vc_column width=&#8221;1\/6&#8243;][\/vc_column][vc_column width=&#8221;2\/3&#8243;][vc_empty_space height=&#8221;12vh&#8221;][vc_column_text use_theme_fonts=&#8221;yes&#8221; el_id=&#8221;ID_16141994006036ba68d7ad1&#8243; font_container=&#8221;font_size:35|color:%23ffffff&#8221; css=&#8221;.vc_custom_1614199407401{padding-top: 2% !important;padding-bottom: 2% !important;background-color: rgba(255,255,255,0.55) !important;*background-color: rgb(255,255,255) !important;}&#8221;]<\/p>\n<h1 style=\"text-align: center;\">AVISO DE PRIVACIDAD FRIO EXPRESS<\/h1>\n<p>[\/vc_column_text][vc_empty_space height=&#8221;12vh&#8221;][\/vc_column][vc_column width=&#8221;1\/6&#8243;][\/vc_column][\/vc_row][vc_row][vc_column][vc_empty_space height=&#8221;2vh&#8221;][vc_row_inner][vc_column_inner width=&#8221;1\/12&#8243;][\/vc_column_inner][vc_column_inner width=&#8221;10\/12&#8243;][vc_column_text google_fonts=&#8221;font_family:Averia%20Serif%20Libre%3A300%2C300italic%2Cregular%2Citalic%2C700%2C700italic|font_style:300%20light%20regular%3A300%3Anormal&#8221; el_id=&#8221;ID_16039138435f99c8737742f&#8221; font_container=&#8221;font_size:17|color:%23063c58|line_height:20px&#8221; el_class=&#8221;averia&#8221;]<\/p>\n<p style=\"text-align: left;\">De conformidad con lo establecido en la Ley Federal de Protecci\u00f3n de Datos Personales en Posesi\u00f3n de Particulares, se pone a su disposici\u00f3n el presente AVISO DE PRIVACIDAD en los siguientes t\u00e9rminos:<\/p>\n<p style=\"text-align: left;\">Responsable del uso y protecci\u00f3n de los datos personales:<\/p>\n<p style=\"text-align: left;\">FRIO EXPRESS, S.A. DE C.V., con domicilio Gregorio Ruiz Velasco #204 Ciudad Industrial C.P. 20290, Aguascalientes, Ags.<\/p>\n<p>[\/vc_column_text][vc_empty_space height=&#8221;6vh&#8221;][vc_custom_heading text=&#8221;Finalidades del tratamiento de los datos:&#8221; font_container=&#8221;tag:h2|font_size:15|text_align:left|color:%23063c58|line_height:20px&#8221; google_fonts=&#8221;font_family:Averia%20Serif%20Libre%3A300%2C300italic%2Cregular%2Citalic%2C700%2C700italic|font_style:700%20bold%20regular%3A700%3Anormal&#8221; el_id=&#8221;ID_16037516105f974ebae6f42&#8243; font_container_tabled=&#8221;text_align:left&#8221; font_container_mobil=&#8221;text_align:left&#8221;][vc_column_text google_fonts=&#8221;font_family:Averia%20Serif%20Libre%3A300%2C300italic%2Cregular%2Citalic%2C700%2C700italic|font_style:700%20bold%20regular%3A700%3Anormal&#8221; el_id=&#8221;ID_16039138585f99c8820e6f1&#8243; font_container=&#8221;font_size:17|color:%23063c58|line_height:20px&#8221; el_class=&#8221;averia&#8221;]Los datos personales que recaba FRIO EXPRESS, S.A. DE C.V., son utilizados para:<\/p>\n<p>Proporcionar informaci\u00f3n respecto a los diversos art\u00edculos, bienes, productos y servicios que comercializamos.<\/p>\n<p>Proveer el bien contratado:<\/p>\n<p>&#8211; La realizaci\u00f3n, seguimiento y cumplimiento de cualquier acto jur\u00eddico celebrado entre las partes<\/p>\n<p>&#8211; Pago de bienes y servicios<\/p>\n<p>&#8211; Seguimiento a la relaci\u00f3n comercial y en su caso a alg\u00fan problema que haya surgido respecto a pedidos y\/o entrega de art\u00edculos<\/p>\n<p>&#8211; Hacer de su conocimiento nuestras promociones<\/p>\n<p>&#8211; Atender requerimientos legales de autoridades competentes<\/p>\n<p>&#8211; Cumplimiento de t\u00e9rminos y condiciones estipulado al momento de la compra y\/o firma del contrato<\/p>\n<p>Los datos personales recabados de manera enunciativa m\u00e1s no limitativa son:<\/p>\n<p>Nombre, Tel\u00e9fonos de Contacto, Correo electr\u00f3nico, entre otros exigidos por las leyes, y que usted proporciona personalmente o por cualquier otro medio electr\u00f3nico, \u00f3ptico, sonoro, visual o a trav\u00e9s de cualquier otra tecnolog\u00eda.<\/p>\n<p>&nbsp;<\/p>\n<p>En caso de que el Responsable recabe datos sensibles tales como el origen racial o \u00e9tnico, el estado de salud, la informaci\u00f3n gen\u00e9tica, las creencias religiosas, filos\u00f3ficas y morales, la afiliaci\u00f3n sindical, las opiniones pol\u00edticas y las preferencias sexuales para la prestaci\u00f3n de los servicios, a los cuales usted solamente puede tener acceso si consciente en proporcionarnos los datos sensibles que requerimos, sus datos ser\u00e1n tratados \u00fanicamente para las finalidades descritas en este Aviso de Privacidad.<\/p>\n<p>Nuestra organizaci\u00f3n recaba de usted los datos financieros y patrimoniales que resultan necesarios para el cumplimiento, respaldo o seguimiento de las obligaciones jur\u00eddicas que nacen de los diversos actos jur\u00eddicos que se realizan entre las partes, como lo pueden ser contratos mercantiles, civiles, contrato de servicios profesionales o cualquier otro v\u00ednculo jur\u00eddico. Entre estos datos se encuentran su tipo, n\u00famero de cuenta bancaria, Clabe interbancaria, Instituci\u00f3n bancaria o banco donde se encuentra aperturada la cuenta, o cualquier otro dato financiero o patrimonial que se requiera para el cumplimiento de las obligaciones generadas por los diversos actos jur\u00eddicos celebrados entre las partes.<\/p>\n<p>De conformidad a lo que establece la Ley Federal de Protecci\u00f3n de Datos Personales en Posesi\u00f3n de los Particulares, cuando el Responsable recabe de Usted datos SENSIBLES, FINANCIEROS y\/o PATRIMONIALES, le ser\u00e1 requerido su consentimiento expreso para el tratamiento de estos datos, por lo que le solicitaremos que, en su momento, indique si acepta o no el tratamiento, siendo que con la firma del presente documento o con la aceptaci\u00f3n del mismo por virtud de la notificaci\u00f3n que v\u00eda correo electr\u00f3nica se le haga llegar, se le tendr\u00e1 por consintiendo el mismo.<\/p>\n<p>Uso, divulgaci\u00f3n y derechos ARCO:<\/p>\n<p>Todos los datos personales son tratados bajo normas de confidencialidad, siendo que Usted como titular de los mismos tiene derecho de Acceso, Rectificaci\u00f3n, Cancelaci\u00f3n, Oposici\u00f3n, limitaci\u00f3n de uso y divulgaci\u00f3n, as\u00ed como la revocaci\u00f3n a su consentimiento. As\u00ed mismo, ponemos a sus \u00f3rdenes a nuestro Departamento de Datos Personales al cual podr\u00e1 contactar en la siguiente direcci\u00f3n de correo electr\u00f3nico: avisoprivacidad@frioexpress.com o bien al tel\u00e9fono 01 (449) 9 22 13 00 para realizar aclaraciones, conocer los requisitos y los procedimientos correspondientes de conformidad con sus derechos ARCO.[\/vc_column_text][vc_empty_space height=&#8221;3vh&#8221;][vc_custom_heading text=&#8221;Transferencias de los datos:&#8221; font_container=&#8221;tag:h2|font_size:15|text_align:left|color:%23063c58|line_height:20px&#8221; google_fonts=&#8221;font_family:Averia%20Serif%20Libre%3A300%2C300italic%2Cregular%2Citalic%2C700%2C700italic|font_style:700%20bold%20regular%3A700%3Anormal&#8221; el_id=&#8221;ID_16037517945f974f72c86d7&#8243; font_container_tabled=&#8221;text_align:left&#8221; font_container_mobil=&#8221;text_align:left&#8221;][vc_column_text google_fonts=&#8221;font_family:Averia%20Serif%20Libre%3A300%2C300italic%2Cregular%2Citalic%2C700%2C700italic|font_style:300%20light%20regular%3A300%3Anormal&#8221; el_id=&#8221;ID_16039138755f99c89322284&#8243; font_container=&#8221;font_size:17|color:%23063c58|line_height:20px&#8221; el_class=&#8221;averia&#8221;]<\/p>\n<p style=\"text-align: left;\">FRIO EXPRESS, S.A. DE C.V. podr\u00e1 realizar la transferencia de sus datos personales a sus empresas filiales o subsidiarias que sean identificadas o asociadas a la marca, nombre comercial o denominaci\u00f3n FRIO EXPRESS, S.A. DE C.V. y\/o FRIO EXPRESS, as\u00ed como a distribuidores autorizados y\/o terceros proveedores de servicios con quienes tenga relaci\u00f3n jur\u00eddica, as\u00ed como a Terceros Nacionales o Extranjeros. Los terceros y receptores de datos personales, tienen las mismas obligaciones y\/o responsabilidades de FRIO EXPRESS, S.A. DE C.V., de conformidad a lo establecido en el presente aviso de privacidad. Si usted no manifiesta su oposici\u00f3n para que sus datos personales sean transferidos, se entender\u00e1 que ha otorgado su consentimiento para ello.<\/p>\n<p style=\"text-align: left;\">Nos comprometemos a no transferir su informaci\u00f3n personal a otros terceros sin su consentimiento, salvo las excepciones previstas en el art\u00edculo 37 de la Ley Federal de Protecci\u00f3n de Datos Personales en Posesi\u00f3n de Particulares, as\u00ed como a realizar esta transferencia en los t\u00e9rminos que fija esa ley.<\/p>\n<p>[\/vc_column_text][vc_empty_space height=&#8221;3vh&#8221;][vc_custom_heading text=&#8221;Cambios en el aviso de privacidad:&#8221; font_container=&#8221;tag:h2|font_size:15|text_align:left|color:%23063c58|line_height:20px&#8221; google_fonts=&#8221;font_family:Averia%20Serif%20Libre%3A300%2C300italic%2Cregular%2Citalic%2C700%2C700italic|font_style:700%20bold%20regular%3A700%3Anormal&#8221; el_id=&#8221;ID_16037518115f974f8332b80&#8243; font_container_tabled=&#8221;text_align:left&#8221; font_container_mobil=&#8221;text_align:left&#8221;][vc_column_text google_fonts=&#8221;font_family:Averia%20Serif%20Libre%3A300%2C300italic%2Cregular%2Citalic%2C700%2C700italic|font_style:300%20light%20regular%3A300%3Anormal&#8221; el_id=&#8221;ID_16039138795f99c897eb59b&#8221; font_container=&#8221;font_size:17|color:%23063c58|line_height:20px&#8221; el_class=&#8221;averia&#8221;]<\/p>\n<p style=\"text-align: left;\">Este Aviso de privacidad podr\u00e1 ser modificado en cualquier momento por FRIO EXPRESS, S.A. DE C.V., siendo que dichas modificaciones ser\u00e1n notificadas a trav\u00e9s de nuestra p\u00e1gina de internet www.frioexpress.com, o bien a trav\u00e9s de nuestro Departamento de Datos Personales cuya direcci\u00f3n electr\u00f3nica es avisodeprivacidad@frioexpress.com, as\u00ed como en nuestro domicilio ubicado en Gregorio Ruiz Velasco #204, Ciudad Industrial, C.P. 20290, Aguascalientes, Ags.<\/p>\n<p>[\/vc_column_text][\/vc_column_inner][vc_column_inner width=&#8221;1\/12&#8243;][\/vc_column_inner][\/vc_row_inner][vc_empty_space height=&#8221;2vh&#8221;][\/vc_column][\/vc_row][vc_row][vc_column][vc_empty_space height=&#8221;2vh&#8221;][vc_btn title=&#8221;VOLVER A HOME&#8221; style=&#8221;flat&#8221; shape=&#8221;square&#8221; size=&#8221;lg&#8221; align=&#8221;center&#8221; link=&#8221;url:https%3A%2F%2Fwww.frioexpress.com%2Fsite%2F|title:Inicio||&#8221;][vc_empty_space height=&#8221;2vh&#8221;][\/vc_column][\/vc_row][vc_row][vc_column css_animation=&#8221;fadeInUp&#8221; css=&#8221;.vc_custom_1603997504237{margin-top: 0px !important;margin-right: 0px !important;margin-bottom: 0px !important;margin-left: 0px !important;padding-top: 0px !important;padding-right: 0px !important;padding-bottom: 0px !important;padding-left: 0px !important;}&#8221;][vc_single_image image=&#8221;246&#8243; img_size=&#8221;full&#8221; alignment=&#8221;center&#8221; el_id=&#8221;ID_16034879585f9348d65b2d8&#8243;][\/vc_column][\/vc_row]<\/p>\n","protected":false},"excerpt":{"rendered":"<p>[vc_row full_height=&#8221;yes&#8221; content_placement=&#8221;middle&#8221; css=&#8221;.vc_custom_1626810594661{background-image: url(https:\/\/www.frioexpress.com\/site\/wp-content\/uploads\/2020\/10\/Group-67.png?id=238) !important;background-position: center !important;background-repeat: no-repeat !important;background-size: cover !important;}&#8221; el_class=&#8221;vc_hidden-sm vc_hidden-xs&#8221;][vc_column width=&#8221;1\/4&#8243;][\/vc_column][vc_column width=&#8221;1\/2&#8243;][vc_column_text use_theme_fonts=&#8221;yes&#8221; el_id=&#8221;ID_1613684685602edfcd23e26&#8243; font_container=&#8221;font_size:35|color:%23ffffff&#8221; css=&#8221;.vc_custom_1613684692391{padding-top: 2% !important;padding-right: 15% !important;padding-bottom: 2%<\/p>\n","protected":false},"author":1,"featured_media":0,"parent":0,"menu_order":0,"comment_status":"closed","ping_status":"closed","template":"","meta":{"om_disable_all_campaigns":false,"_monsterinsights_skip_tracking":false,"_monsterinsights_sitenote_active":false,"_monsterinsights_sitenote_note":"","_monsterinsights_sitenote_category":0},"aioseo_notices":[],"_links":{"self":[{"href":"https:\/\/www.frioexpress.com\/site\/wp-json\/wp\/v2\/pages\/230"}],"collection":[{"href":"https:\/\/www.frioexpress.com\/site\/wp-json\/wp\/v2\/pages"}],"about":[{"href":"https:\/\/www.frioexpress.com\/site\/wp-json\/wp\/v2\/types\/page"}],"author":[{"embeddable":true,"href":"https:\/\/www.frioexpress.com\/site\/wp-json\/wp\/v2\/users\/1"}],"replies":[{"embeddable":true,"href":"https:\/\/www.frioexpress.com\/site\/wp-json\/wp\/v2\/comments?post=230"}],"version-history":[{"count":24,"href":"https:\/\/www.frioexpress.com\/site\/wp-json\/wp\/v2\/pages\/230\/revisions"}],"predecessor-version":[{"id":1010,"href":"https:\/\/www.frioexpress.com\/site\/wp-json\/wp\/v2\/pages\/230\/revisions\/1010"}],"wp:attachment":[{"href":"https:\/\/www.frioexpress.com\/site\/wp-json\/wp\/v2\/media?parent=230"}],"curies":[{"name":"wp","href":"https:\/\/api.w.org\/{rel}","templated":true}]}}